ime factors of o(4).
17, 19
Let b(u) = -u**3 - 17*u**2 - 35*u + 12. What are the prime factors of b(-15)?
3, 29
Let o = -9 + 5. Let t be (-2)/o - 10/(-4). Suppose -t*g = -g - 42. List the prime factors of g.
3, 7
What are the prime factors of (2/(-2) - -22)/1?
3, 7
Let a be 66/15 - (-2)/(-5). Suppose -3*p - 27 = -a*t, 2*t = t + 3*p. List the prime factors of t.
3
Let d = -27 + -16. Let y = 73 + d. Suppose -2*j - 4*k + y = 0, 16 + 7 = j + 4*k. What are the prime factors of j?
7
Let j be 2 - (0 + 0/(-2)). Suppose j*o = -22 + 4. What are the prime factors of 12/(-10)*(-1 + o)?
2, 3
Let o = -26 - -17. Let a be (-2)/(-3) - 57/o. Let j = -5 + a. What are the prime factors of j?
2
Suppose j - 3*j + 30 = 0. What are the prime factors of j + -1*3/(-1)?
2, 3
Suppose 3*s - 8 - 6 = -w, 32 = w - 3*s. Suppose 3*j - 4*b = 48, -25 = -3*j - 5*b + w. What are the prime factors of j?
2
Let d = 14 + 54. Suppose 3*h - 1 = d. Let m = -16 + h. List the prime factors of m.
7
Suppose -4*j + 5 + 27 = 0. List the prime factors of 18/4*j/3.
2, 3
Let i(r) = r - 2*r**2 + 2*r + 0*r**3 - r**3 + 2. Let z = -36 - -33. List the prime factors of i(z).
2
Suppose q - g + 0 = -5, 0 = -3*g + 15. Suppose -p = -q*p. Suppose p = -3*s + 8 + 22. What are the prime factors of s?
2, 5
Suppose 4*g + 2*n = 639 + 401, 0 = -2*n - 4. What are the prime factors of g?
3, 29
Let d(i) = 2*i**2 - 2*i - 2. What are the prime factors of d(2)?
2
Suppose -y + 0 = -2. Suppose -l = y*l - 6. Suppose l = q, -b - q + 17 = 2*b. What are the prime factors of b?
5
Let p = 4 + 7. Let x = 2 - -1. Suppose -b = x*n - p, -22 = -8*b + 3*b - 4*n. What are the prime factors of b?
2
Let v(a) = 2*a**2 + 10*a + 10. List the prime factors of v(7).
2, 89
Suppose 4*i - 4*z - 4 = 8, -15 = -5*i + z. List the prime factors of (39/(-6) - i)*-2.
19
Suppose 87 = 3*a - 4*o + o, -2*a - 4*o = -88. What are the prime factors of a?
2, 17
Let x = -30 + 76. Suppose -3*h + x = -h. List the prime factors of h.
23
Suppose -t + 7 = 3. Suppose -3*f = v - 1, -2*v = v + t*f - 3. Let n = v - -6. What are the prime factors of n?
7
Suppose -8 = -2*p - 2*a, -23 = -4*p - a + 4*a. Suppose -4*o - 6 = 3*r - 71, 4*o + 87 = p*r. Suppose -1 = -4*x + r. List the prime factors of x.
5
Let y(q) = q**3 + 3*q**2 - 10*q + 4. Let x be y(-5). Suppose 6*g = x*g + 88. What are the prime factors of g?
2, 11
Let y = -16 - -10. Let g = y - -9. List the prime factors of g.
3
What are the prime factors of 2*95/2 - 4?
7, 13
Let n = 757 - 452. What are the prime factors of n?
5, 61
Let l(d) = d**3 - 8*d**2 + 8*d - 8. Let h be l(8). Suppose 4*p - 4 = h. What are the prime factors of p?
3, 5
Let j(k) = -k**2 + 4*k - 2. Let w be j(2). Let c(q) = -2 + q + 5 - w*q + 5. What are the prime factors of c(0)?
2
Let n(p) = 2*p**2 + p. Suppose 4*l - 8 = -f, 4 + 15 = -4*f + l. List the prime factors of n(f).
2, 7
Let v = -2 - 10. List the prime factors of (64/v)/(2/(-9)).
2, 3
Let w = 44 - 23. Suppose w = 5*n - 4. Let t(q) = 3*q - 7. List the prime factors of t(n).
2
Let d(y) be the second derivative of y**5/60 + y**4/12 - y**2/2 + 2*y. Let k(h) be the first derivative of d(h). List the prime factors of k(-3).
3
Let p(v) = 56*v**3 + 3*v - 2. What are the prime factors of p(1)?
3, 19
Let p be (1 + -5)*2/(-4). Suppose -p*s - 3*m = -3*s - 1, 0 = 2*s + 5*m - 20. Let i = s - 0. List the prime factors of i.
5
Let r(t) = 115*t**3 + 3*t**2 - t - 1. List the prime factors of r(1).
2, 29
Let z(r) = 12*r**2 + r - 1. Suppose -7 = -3*v - 2*s, -4*s + 7 + 1 = 0. What are the prime factors of z(v)?
2, 3
Suppose 2*v - g = 12, -3*v + 0*g = 2*g - 25. Let h = v - 2. List the prime factors of h.
5
Suppose 0 = 3*r - 7*r. Suppose r = -b + 5*b. Suppose b = 2*g - 5 - 5. What are the prime factors of g?
5
Suppose 4*o = k - 143, -o = 4*k + o - 500. Suppose -4*u + 105 = -0*u - 5*n, 5*u - 2*n = k. What are the prime factors of u?
5
Let a(w) = -2*w - 11. Let j be a(-8). Suppose -5*r + 0*s = -j*s - 10, 0 = 2*r + 4*s + 14. List the prime factors of (-8 + r)*(-2)/3.
2, 3
Let t(l) = l**2 + 3*l + 6. Let b(h) = -4*h**2 - 1. Let j be b(1). List the prime factors of t(j).
2
Let i(b) = 2*b - 12. Let n be i(9). Suppose 0*u + 5*u = 75. Suppose n*d - d = u. List the prime factors of d.
3
Let a = 4 + -4. Suppose -5*k - 13 + 43 = a. What are the prime factors of k?
2, 3
Suppose 1960 = -16*c + 23*c. What are the prime factors of c?
2, 5, 7
Suppose 1 = i - 10. Suppose -109 = -3*b + i. Suppose -2*z = -0*z - b. What are the prime factors of z?
2, 5
Let x(t) = 4*t**3 - 3*t**2 - 7*t - 2. Let c(l) = l**3 - 2*l**3 - 6*l**2 - 13*l + 8*l**3 - 4. Let r(m) = 6*c(m) - 11*x(m). What are the prime factors of r(-2)?
2
Let j(f) = -f**3 - 3*f**2 + 6*f + 6. Let t be j(-4). Let m(u) = -3*u + 1. What are the prime factors of m(t)?
7
Let m(j) be the first derivative of -j**2/2 - 6*j - 3. Let v be m(-9). What are the prime factors of (v/6)/((-1)/(-10))?
5
Let c(v) = -v**2 + 8*v - 8. Let m be c(6). Suppose m*p - 85 = 55. What are the prime factors of p?
5, 7
Suppose -2*w = -c + 65, -126 = -3*c + 5*w + 68. What are the prime factors of c?
3, 7
Let k(y) = -4*y + 1. List the prime factors of k(-2).
3
Let y(a) = -11*a. Let p(b) = b**3 - 6*b**2 + 5*b - 1. Let t be p(5). List the prime factors of y(t).
11
Let v = -12 - -19. Suppose -23 = -2*r + b, -r + 0*b + 2*b + v = 0. What are the prime factors of r?
13
Let h(v) = -3*v - 20. Let w be h(-8). Suppose -w*d + 5*x + 183 = 0, -5*d - 3*x + 225 = -8*x. What are the prime factors of d?
2, 3, 7
Suppose 9*v = -2*v + 385. List the prime factors of v.
5, 7
Suppose -g = -6*g + 120. Let o = 49 - g. List the prime factors of o.
5
Let c = 0 - -2. Suppose c*o = -3*o + 4*s + 122, -5*o - s = -132. What are the prime factors of o?
2, 13
Let s = 0 - -5. Suppose 0 = 3*q - s*q + 34. What are the prime factors of q?
17
Let q = -1 - 5. Let k be q*(1 - 2)*1. Let f(s) = 2*s - 2. List the prime factors of f(k).
2, 5
Let u(x) = -6*x. Let i be u(1). Let g(m) = -m + 2. List the prime factors of g(i).
2
Let f be (-174)/(-45) + (-8)/(-60). Suppose 2 - 6 = -d, -5*d = -f*q + 80. List the prime factors of q.
5
Let i = -93 - -151. List the prime factors of i.
2, 29
Let r be (-4)/(-8) - 1/2. Suppose 5*o - 32 + 2 = -5*z, -4*o - 3*z + 26 = r. What are the prime factors of o?
2
Let b(v) = v**3 - 7*v**2 + 8*v - 8. Let l be (-2)/(-8) + (-126)/(-8). Let w be 4/l + 23/4. List the prime factors of b(w).
2
Let j(d) = -d**3 + 7*d**2 + d. Let y be j(5). Let x = -32 + y. List the prime factors of x.
23
Let k(a) = -a**2 + 5. Suppose -5*c = -0*c. Let x be k(c). Suppose -v - 3*w = -x*v + 19, 0 = -5*v + w + 21. What are the prime factors of v?
2
Let x(j) = 2*j**2 + 4. Suppose 0 = -5*b + 15, 3*b + 18 = -3*d + 6*b. What are the prime factors of x(d)?
2, 11
Let c = 40 - 26. Suppose -h = 4*y - 4*h - 28, c = 2*y - 4*h. List the prime factors of (y - 2)/(1 - 0).
5
Let r = 116 - 54. List the prime factors of r.
2, 31
List the prime factors of (147/6)/(-7)*-14.
7
Let s be (-7)/(-3) + 1/(-3). Suppose -s*n = 3*n. Suppose n = -3*l + 4*l - 4*y - 23, 3*y + 20 = l. What are the prime factors of l?
11
Suppose -19 = p - 6. Let d = -27 - p. Let g = 29 + d. List the prime factors of g.
3, 5
Suppose 0 = 5*t + 2*o - 31, -5*t - 6*o = -3*o - 34. Suppose -27 = -3*j - 5*s, 2*s = -4*j + t*j - 20. What are the prime factors of j?
2, 7
Let v(f) = 4*f**2 - 1 + 0 + 0*f**2. Let t be v(1). Suppose 0 = 5*d - o + t*o - 63, 3*d + o = 37. What are the prime factors of d?
11
Suppose -19 = v - 2*v. List the prime factors of v.
19
Let w = -18 - -30. What are the prime factors of w?
2, 3
Suppose 4*b = -3*d - 13, 2*b = -d - 3*d - 14. Suppose 2*f - 12 = -0*t - 4*t, 3*t - 5 = -f. List the prime factors of ((-30)/f)/(d/8).
2, 5
Suppose -5*k - i + 27 = 0, 0 = k - 2*k + 2*i + 12. What are the prime factors of k?
2, 3
Let d(m) = -m**3 + m**2 - m. Let a(i) = -5*i**3 + 3*i**2 - 3*i - 2. Let n(t) = -a(t) + 4*d(t). Let o be n(-2). Let y = o + 7. List the prime factors of y.
7
Suppose f - 51 - 39 = 0. Suppose m + f = 4*o - o, 4*m = -o + 43. List the prime factors of o.
31
Let u = 11 + 17. Suppose 3*c + k - 92 = 20, c - u = 2*k. List the prime factors of c.
2, 3
Let z(t) = -t**2 - 9*t + 3. Let u be z(-10). Let j(n) = n**3 + 7*n**2 - n - 3. What are the prime factors of j(u)?
2
Suppose 5*f = -t + 2, 4*f +